the hundreds digit of 8330998?
9
What is the tens digit of 59140?
4
What is the thousands digit of 409586?
9
What is the hundred thousands digit of 1697401?
6
What is the units digit of 71266?
6
What is the units digit of 203464?
4
What is the hundred thousands digit of 192949?
1
What is the ten millions digit of 28801494?
2
What is the units digit of 212737?
7
What is the units digit of 11982869?
9
What is the millions digit of 2461118?
2
What is the units digit of 1456182?
2
What is the tens digit of 106147?
4
What is the units digit of 10627125?
5
What is the tens digit of 922417?
1
What is the hundreds digit of 4135976?
9
What is the tens digit of 3489099?
9
What is the tens digit of 134270?
7
What is the hundred thousands digit of 1553023?
5
What is the thousands digit of 17598183?
8
What is the thousands digit of 137338?
7
What is the hundreds digit of 207123?
1
What is the thousands digit of 5813390?
3
What is the ten thousands digit of 199148?
9
What is the hundreds digit of 890119?
1
What is the millions digit of 5227254?
5
What is the hundred thousands digit of 392564?
3
What is the ten thousands digit of 957544?
5
What is the ten thousands digit of 43819?
4
What is the thousands digit of 119919?
9
What is the thousands digit of 1932125?
2
What is the tens digit of 4983512?
1
What is the millions digit of 1744393?
1
What is the hundreds digit of 574684?
6
What is the thousands digit of 161541?
1
What is the ten thousands digit of 955805?
5
What is the thousands digit of 390944?
0
What is the thousands digit of 125755?
5
What is the tens digit of 335708?
0
What is the units digit of 122550?
0
What is the ten thousands digit of 5775096?
7
What is the tens digit of 34328?
2
What is the ten millions digit of 30865164?
3
What is the units digit of 2400279?
9
What is the thousands digit of 929033?
9
What is the hundred thousands digit of 1585775?
5
What is the hundreds digit of 28268?
2
What is the ten millions digit of 12245976?
1
What is the millions digit of 2396563?
2
What is the ten thousands digit of 35109?
3
What is the hundreds digit of 2854382?
3
What is the units digit of 134739?
9
What is the ten thousands digit of 1779568?
7
What is the hundreds digit of 361561?
5
What is the units digit of 26880?
0
What is the units digit of 14015092?
2
What is the hundreds digit of 9302634?
6
What is the ten thousands digit of 4490186?
9
What is the millions digit of 2363163?
2
What is the thousands digit of 140110?
0
What is the units digit of 1593223?
3
What is the tens digit of 1634286?
8
What is the hundreds digit of 4471928?
9
What is the ten millions digit of 27861334?
2
What is the units digit of 6263745?
5
What is the hundreds digit of 35287?
2
What is the hundred thousands digit of 265337?
2
What is the units digit of 1825201?
1
What is the hundreds digit of 68233?
2
What is the thousands digit of 1094252?
4
What is the ten thousands digit of 14726255?
2
What is the hundreds digit of 2160820?
8
What is the units digit of 143098?
8
What is the tens digit of 2726175?
7
What is the hundred thousands digit of 187896?
1
What is the units digit of 100280?
0
What is the thousands digit of 2881199?
1
What is the thousands digit of 287148?
7
What is the tens digit of 524101?
0
What is the units digit of 724944?
4
What is the hundreds digit of 1397114?
1
What is the hundred thousands digit of 5258943?
2
What is the ten thousands digit of 9390325?
9
What is the tens digit of 601895?
9
What is the units digit of 12294883?
3
What is the ten thousands digit of 9868152?
6
What is the hundred thousands digit of 317058?
3
What is the ten thousands digit of 433926?
3
What is the hundreds digit of 933620?
6
What is the tens digit of 5468905?
0
What is the units digit of 1795872?
2
What is the hundred thousands digit of 9976823?
9
What is the hundred thousands digit of 294248?
2
What is the units digit of 9819048?
8
What is the ten thousands digit of 12731388?
3
What is the ten thousands digit of 2870356?
7
What is the millions digit of 1929706?
1
What is the hundred thousands digit of 602502?
6
What is the millions digit of 1024483?
1
What is the hundreds digit of 4390361?
3
What is the thousands digit of 2723286?
3
What is the ten thousands digit of 1218556?
1
What is the hundred thousands digit of 515077?
5
What is the units digit of 25670?
0
What is the tens digit of 109496?
9
What is the units digit of 1759836?
6
What is the hundreds digit of 3968020?
0
What is the ten thousands digit of 290536?
9
What is the ten thousands digit of 3003997?
0
What is the units digit of 11138168?
8
What is the hundred thousands digit of 370965?
3
What is the hundred thousands digit of 17791479?
7
What is the units digit of 82721?
1
What is the millions digit of 5970063?
5
What is the units digit of 5904?
4
What is the hundred thousands digit of 5888676?
8
What is the hundred thousands digit of 5300225?
3
What is the units digit of 42221?
1
What is the hundreds digit of 4773742?
7
What is the units digit of 53475?
5
What is the tens digit of 279186?
8
What is the tens digit of 229475?
7
What is the hundred thousands digit of 5804747?
8
What is the units digit of 5284150?
0
What is the hundreds digit of 13832?
8
What is the millions digit of 4529894?
4
What is the ten thousands digit of 55653?
5
What is the hundreds digit of 308582?
5
What is the hundreds digit of 3044983?
9
What is the ten millions digit of 18447927?
1
What is the hundred thousands digit of 21087253?
0
What is the ten thousands digit of 1284812?
8
What is the tens digit of 262398?
9
What is the millions digit of 7312237?
7
What is the thousands digit of 935168?
5
What is the tens digit of 324257?
5
What is the thousands digit of 9146707?
6
What is the units digit of 191864?
4
What is the units digit of 25979934?
4
What is the ten thousands digit of 814084?
1
What is the units digit of 171762?
2
What is the thousands digit of 303966?
3
What is the millions digit of 3227707?
3
What is the hundreds digit of 613536?
5
What is the units digit of 7885223?
3
What is the ten thousands digit of 165463?
6
What is the ten thousands digit of 547161?
4
What is the hundred thousands digit of 5294425?
2
What is the millions digit of 1531055?
1
What is the thousands digit of 795910?
5
What is the ten thousands digit of 201596?
0
What is the hundreds digit of 2296063?
0
What is the ten thousands digit of 255593?
5
What is the hundreds digit of 1279750?
7
What is the tens digit of 321434?
3
What is the hundred thousands digit of 436564?
4
What is the hundreds digit of 121895?
8
What is the thousands digit of 3529840?
9
What is the units digit of 1213596?
6
What is the millions digit of 3342489?
3
What is the units digit of 481168?
8
What is the tens digit of 2007902?
0
What is the tens digit of 204537?
3
What is the hundred thousands digit of 183475?
1
What is the tens digit of 46005?
0
What is the tens digit of 18096879?
7
What is the thousands digit of 3453023?
3
What is the tens digit of 25516152?
5
What is the millions digit of 2229396?
2
What is the units digit of 699662?
2
What is the ten thousands digit of 14133?
1
What is the units digit of 313302?
2
What is the ten thousands digit of 323978?
2
What is the hundreds digit of 14094452?
4
What is the tens digit of 848351?
5
What is the ten thousands digit of 403718?
0
What is the units digit of 9469741?
1
What is the tens digit of 11588255?
5
What is the ten thousands digit of 14579035?
7
What is the ten millions digit of 24026583?
2
What is the ten thousands digit of 450306?
5
What is the tens digit of 73741?
4
What is the hundred thousands digit of 834525?
8
What is the hundred thousands digit of 4708346?
7
What is the thousands digit of 38387389?
7
What is the hundred thousands digit of 6173133?
1
What is the ten thousands digit of 500919?
0
What is the hundreds digit of 610792?
7
What is the hundred thousands digit of 3043766?
0
What is the thousands digit of 153316?
3
What is the units digit of 2271368?
8
What is the hundred thousands digit of 25867831?
8
What is the hundreds digit of 14447?
4
What is the hundreds digit of 991918?
9
What is the hundreds digit of 1050248?
2
What is the units digit of 1272125?
5
What is the thousands digit of 964627?
4
Wh